7 divide 199331261?
False
Does 3 divide 2168679?
True
Is 225765120 a multiple of 48?
True
Is 2559 a factor of 100573818?
True
Is 54257693 a multiple of 13?
False
Does 155 divide 74205709?
False
Does 23 divide 141428863?
True
Is 140 a factor of 1777020?
True
Does 5887 divide 3033372006?
False
Is 1606747905 a multiple of 15?
True
Does 619 divide 162224671?
False
Is 144019014 a multiple of 11?
False
Is 607 a factor of 353725664?
False
Does 2276 divide 15234823?
False
Does 9 divide 153858375?
True
Does 288 divide 67723501?
False
Does 2540 divide 297850679?
False
Is 53739168 a multiple of 3032?
True
Is 236 a factor of 70364151?
False
Is 98494726 a multiple of 242?
True
Is 16116318 a multiple of 116?
False
Does 12 divide 624064443?
False
Is 9967528 a multiple of 4?
True
Is 1876653 a multiple of 3?
True
Is 87 a factor of 28975785?
True
Is 5 a factor of 51557070?
True
Is 2550 a factor of 168210750?
True
Is 104720000 a multiple of 1190?
True
Does 1273 divide 148364331?
True
Is 1850 a factor of 140086058?
False
Is 96336072 a multiple of 111?
False
Is 20 a factor of 40802179?
False
Is 17 a factor of 73951353?
False
Is 839 a factor of 116056970?
False
Is 2489463872 a multiple of 194?
True
Is 472203666 a multiple of 5286?
True
Is 430 a factor of 1361553720?
True
Is 450 a factor of 130950000?
True
Is 29 a factor of 1532719117?
False
Is 577 a factor of 2377736533?
False
Does 10 divide 165003675?
False
Does 903 divide 216300011?
False
Is 82699541 a multiple of 1744?
False
Is 7 a factor of 847292411?
True
Is 35961307 a multiple of 1488?
False
Is 229756681 a multiple of 359?
False
Is 161994231 a multiple of 2?
False
Is 7 a factor of 214055814?
True
Is 12 a factor of 41853180?
True
Is 98726350 a multiple of 1465?
True
Does 35 divide 327770625?
True
Does 45 divide 199752463?
False
Is 1178420439 a multiple of 228?
False
Is 3045195838 a multiple of 1007?
False
Is 1416 a factor of 1554091152?
True
Does 258 divide 986444015?
False
Is 59523822 a multiple of 141?
False
Is 330 a factor of 10528980?
True
Does 22 divide 154402754?
True
Does 8372 divide 1675195340?
True
Does 7038 divide 1505994933?
False
Is 89 a factor of 1044159298?
False
Is 23 a factor of 40370382?
True
Is 738 a factor of 135558054?
True
Does 977 divide 26323311?
True
Is 5624 a factor of 4644526003?
False
Is 31807525 a multiple of 1555?
True
Does 6 divide 29356255?
False
Does 27 divide 52520751?
True
Is 502349952 a multiple of 309?
True
Is 154344231 a multiple of 6?
False
Does 30 divide 30824760?
True
Does 78 divide 492584525?
False
Is 140485650 a multiple of 94?
False
Is 93334797 a multiple of 148?
False
Is 22459655 a multiple of 47?
True
Is 486190586 a multiple of 95?
False
Is 1178 a factor of 7475588?
True
Is 443 a factor of 44384688?
False
Is 53914788 a multiple of 5086?
False
Is 955740198 a multiple of 14?
True
Is 96514555 a multiple of 23?
True
Does 4075 divide 1137869453?
False
Is 61 a factor of 119277692?
True
Is 5628153486 a multiple of 1494?
False
Does 283 divide 60480224?
False
Is 551 a factor of 1194687281?
False
Does 8 divide 5178880?
True
Is 67625596 a multiple of 643?
True
Is 16897699 a multiple of 18?
False
Is 46810 a multiple of 13?
False
Is 398 a factor of 1964903282?
False
Does 79 divide 309222301?
False
Does 21 divide 29659730?
False
Is 724 a factor of 9757993?
False
Is 53967840 a multiple of 696?
True
Is 68 a factor of 4012758948?
True
Does 370 divide 1338779880?
True
Is 53613805 a multiple of 161?
True
Does 16 divide 52817104?
True
Does 1135 divide 1733007665?
True
Is 8008 a factor of 1347833571?
False
Does 1338 divide 187108596?
True
Is 192 a factor of 71994432?
True
Is 4101 a factor of 90669690?
False
Does 2132 divide 76445921?
False
Is 564289189 a multiple of 2218?
False
Does 73 divide 89754459?
False
Is 15340105 a multiple of 110?
False
Is 72388953 a multiple of 39?
True
Is 8 a factor of 6389186?
False
Is 4 a factor of 74321949?
False
Does 5 divide 1687440?
True
Does 152 divide 69076176?
False
Is 89858890 a multiple of 5?
True
Does 60 divide 38123340?
True
Is 56967895 a multiple of 2995?
True
Is 162 a factor of 17266472?
False
Is 7420845 a multiple of 39?
False
Does 112 divide 144738272?
True
Does 2 divide 13353278?
True
Does 157 divide 891747126?
True
Is 662158890 a multiple of 18?
True
Is 1536610 a multiple of 2?
True
Is 894653 a multiple of 197?
False
Is 61941348 a multiple of 21?
True
Is 98494348 a multiple of 36?
False
Is 441677962 a multiple of 3?
False
Is 23194287 a multiple of 261?
True
Does 10 divide 272492911?
False
Does 497 divide 114793389?
False
Does 168 divide 4265244?
False
Does 244 divide 662171964?
False
Does 102 divide 60281694?
True
Is 1085 a factor of 9583269?
False
Is 16725013 a multiple of 23?
False
Is 3 a factor of 231961941?
True
Is 13 a factor of 83581025?
False
Is 26214092 a multiple of 351?
False
Is 3 a factor of 7962538?
False
Is 107752176 a multiple of 72?
True
Does 479 divide 5180038683?
True
Is 1121220500 a multiple of 25?
True
Is 127 a factor of 10498709?
True
Does 2908 divide 724852749?
False
Does 609 divide 67873050?
True
Does 33 divide 24010470?
True
Is 249366845 a multiple of 127?
False
Is 2595542 a multiple of 980?
False
Does 209 divide 134046330?
True
Does 212 divide 13368932?
True
Is 81 a factor of 41289042?
False
Is 23901398 a multiple of 19?
False
Is 2564397357 a multiple of 34?
False
Is 40351083 a multiple of 1991?
False
Is 3818252724 a multiple of 534?
True
Does 857 divide 24249672?
True
Does 390 divide 93770776?
False
Does 310 divide 243846620?
True
Does 7 divide 51167207?
True
Is 6 a factor of 1299068801?
False
Does 9036 divide 1088130308?
False
Is 10466652 a multiple of 371?
True
Does 39 divide 292567275?
True
Is 59244001 a multiple of 11?
False
Is 573130320 a multiple of 27?
False
Is 78601901 a multiple of 826?
False
Is 409378242 a multiple of 14?
True
Is 40 a factor of 2070767667?
False
Is 1580987020 a multiple of 5246?
True
Does 5 divide 696510000?
True
Does 48 divide 21844608?
True
Is 12 a factor of 2047879080?
True
Does 14 divide 43165626?
True
Is 1792923 a multiple of 33?
True
Is 190 a factor of 64627550?
True
Is 29 a factor of 3826648006?
False
Is 26448 a multiple of 114?
True
Is 215957166 a multiple of 6?
True
Is 713953968 a multiple of 1092?
True
Is 46 a factor of 1230465362?
True
Is 7264188437 a multiple of 105?
False
Does 135 divide 407320245?
True
Does 2363 divide 145796496?
False
Is 18 a factor of 4457962?
False
Is 270063813 a multiple of 29?
False
Is 75 a factor of 630833775?
True
Is 162 a factor of 58970592?
True
Does 9 divide 20234808?
True
Does 105 divide 2109594?
False
Does 52 divide 712714080?
True
Does 141 divide 10778227?
False
Is 3584 a factor of 257528320?
True
Is 24597539 a multiple of 2148?
False
Is 309745303 a multiple of 2073?
False
Does 5 divide 2337824?
False
Is 3546755762 a multiple of 1376?
False
Is 531929851 a multiple of 449?
True
Does 5891 divide 49443163?
True
Does 39 divide 80700748?
False
Is 97889371 a multiple of 203?
False
Is 5965 a factor of 3168451009?
False
Is 1313 a factor of 140372830?
True
Does 39 divide 54109282?
False
Is 44 a factor of 28793820?
True
Does 18 divide 84156815?
False
Is 122 a factor of 88275052?
True
Does 260 divide 668598580?
True
Is 483137970 a multiple of 203?
True
Does 25 divide 897573201?
False
Is 20 a factor of 6306720?
True
Is 835 a factor of 54065376?
False
Does 502 divide 2844174874?
True
Does 5 divide 126078555?
True
Is 44 a factor of 136339867?
False
Does 9 divide 490569517?
False
Is 11 a factor of 87060403?
False
Is 650771150 a multiple of 1493?
False
Does 1626 divide 192176940?
True
Does 8 divide 104632704?
True
Is 23484960 a multiple of 9?
True
Is 278 a factor of 2076130132?
True
Is 85 a factor of 12836360?
True
Is 15 a factor of 10466895?
True
Is 37991640 a multiple of 570?
True
Is 1258 a factor of 111171976?
True
Is 37549950 a multiple of 187?
False
Is 130 a factor of 352907646?
False
Does 13 divide 32005350?
True
Is 10 a factor of 534707260?
True
Does 5 divide 21964804?
False
Is 1705 a factor of 52660608?
False
Is 3158953616 a multiple of 112?
True
Does 530 divide 180479840?
True
Does 112 divide 581698314?
False
Does 91 divide 28081326?
True
Is 507 a factor of 490945692?
False
Does 35 divide 25942407?
False
Is 584654626 a multiple of 158?
False
Is 9868